6 - 275. What is the units digit of z?
1
Let i = -31 - -27. Let j be (-7)/(i + -4 + 7). Let k(a) = a + 17. What is the units digit of k(j)?
4
Suppose 0 = -2*k - 15 + 19. Suppose -5*a + 559 = -k*u, -3*u = -0*a - a + 117. What is the units digit of a?
1
Suppose -8 = -4*x - 0. Suppose 0 = -4*w + 12, -x*f + 0*f + 2*w = -44. What is the units digit of f?
5
Suppose -12*v + 12 = -6*v. Suppose v*j - 62 = -i + 9, 0 = 4*i + j - 284. What is the units digit of i?
1
Suppose -5*m + 18 + 2 = 0. Suppose 3*f = 2*o + 153, -3*o = -m*f + o + 204. What is the units digit of f?
1
Suppose 5*b - 8 - 12 = 0, 4*r - b = -296. What is the units digit of -2 - -6 - (-1 + r)?
8
Let d(w) = w**2 - 6*w + 8. Suppose -4*k - 102 = 42. Let q be (-70)/(-8) - (-27)/k. What is the units digit of d(q)?
4
Let g(j) = -j**2 - 9*j - 8. Let d be g(-6). Suppose 2*z - d = 0, -69 = -s - 3*z + 2*z. What is the tens digit of s?
6
Let r(p) = -18*p**3 + 4*p**2 + 31*p + 5. What is the units digit of r(-4)?
7
Let m = 4648 + -2451. What is the units digit of m?
7
Let z(y) be the third derivative of y**6/720 + 7*y**5/120 - 3*y**4/8 - 10*y**2. Let w(r) be the second derivative of z(r). What is the tens digit of w(7)?
1
Suppose -2*l + 1875 = 3*l. Suppose 0 = -4*b + 20, 2*a = -3*a - 2*b + l. What is the units digit of a?
3
Let l = 54 - 86. Let p = -30 - l. What is the units digit of p?
2
What is the hundreds digit of 2/(-28) + 1213704/1008?
2
Let o(w) = -5*w + 18. Let q be o(3). Suppose -4 + 13 = 3*a, 0 = -5*c + a + 27. Suppose -q*j + 84 = -c. What is the tens digit of j?
3
Suppose 1012 = 4*x + 88. What is the hundreds digit of x?
2
Suppose 0 = 3*b + 2*v - 30, 3*b - 4*v - 10 = 20. Let p be (-19)/(-95) - 42/b. What is the units digit of (p/(-10))/((-16)/(-1280))?
2
Let n(z) = 2*z + 3. Let y be n(0). Suppose y*c - 339 = 2*l, 2*l = 2*c - 148 - 78. What is the tens digit of c?
1
Suppose -15 = -2*j - j. Suppose 4*a = 5*p - 3 + 9, j*a + p = 22. Suppose -2*y - 158 + 14 = -5*c, -5*c - a*y + 132 = 0. What is the tens digit of c?
2
Let a(g) = g**3 - 11*g**2 - 3*g - 8. Let s be a(10). What is the tens digit of 1/(3*(-2)/s)?
2
Let c(p) = -21*p. Let r be c(-1). Let a be r + 3/(12/8). Suppose -a = v - 0*v + 5*u, 5*v + 5*u + 15 = 0. What is the units digit of v?
2
Suppose -2*m - 38 = u - 4, 3*m = -5*u - 177. Let y be u/126 + 968/7. Suppose -y = -7*t - 19. What is the tens digit of t?
1
Suppose 0 = 5*b - 4*s + 9, 4*b = 2*s - 0 - 6. Let r = 32 + -29. What is the units digit of 3/((r - 1) + b)?
3
Suppose -204 = 3*p + 174. Let o = p - -231. What is the hundreds digit of o?
1
Let x(q) = q + 11. Let d be x(6). Suppose 3*l = 2*l + d. Suppose 2*u - l = -z, 5*u + 3*z - 44 = 2*z. What is the units digit of u?
9
Let a(f) = -f**3 + f**2 + f - 1. Let h(x) = 179*x**3 - 3*x**2 - 4*x + 3. Let j(i) = 3*a(i) + h(i). What is the hundreds digit of j(1)?
1
Let j be (25/30*3)/(1/250). Let f = j + -340. What is the units digit of f?
5
Let o = 566 - -2475. What is the hundreds digit of o?
0
Suppose 7*w - 5*w - 4*i = 8614, -4*i = -8. What is the thousands digit of w?
4
Let t(s) = -5*s**2 + s + 5. Let y(h) = -2*h**2 + 2. Let r = 22 + -15. Let g(p) = r*y(p) - 3*t(p). What is the units digit of g(9)?
3
Let d(c) = 4*c - 4 - c - 4. Let n(r) = 3*r + 44. Let b be n(-11). What is the tens digit of d(b)?
2
Suppose -i - 5*t = 2*i - 1450, -5*t - 1490 = -3*i. What is the tens digit of i?
9
Suppose 0 = 4*v - 9*v - 225. Suppose 5*w + 78 = -k, -2*k + 42 = 3*w + 184. Let f = v - k. What is the units digit of f?
3
Let t = -3143 + 4633. What is the hundreds digit of t?
4
Suppose 25*w - 22*w = 1095. Let u = -142 + w. What is the units digit of u?
3
Let k(u) = u + 13. Let l be k(-5). Let r = 9 - l. Let j = 15 - r. What is the units digit of j?
4
Suppose -136 - 944 = -40*x. Let g(i) = -i**3 + 3*i**2 + 6*i - 1. Let u be g(4). Suppose -2*d - u = -x. What is the units digit of d?
0
Let m(t) = -t**3 + 19*t**2 - 17*t - 1. Suppose 2*o - 15 = 21. What is the units digit of m(o)?
7
Suppose -15 = -3*a - 3. Suppose -a*s + 9*s = 50. What is the units digit of (s/3)/((-9)/(-81))?
0
Let p(d) = 2*d - 14. Let v be p(11). Let h(l) = l**3 - 3*l**2 - 15*l - 4. What is the hundreds digit of h(v)?
1
Suppose 7*g = 2010 + 9400. What is the tens digit of g?
3
Suppose -5*l - s + 194 = -l, -3*l + 136 = -4*s. Suppose -5*t + 4*m = 10, -2*t + 3*m - 21 = -2*m. Suppose -t*g + l = -48. What is the units digit of g?
8
Suppose 2604 = 80*h - 74*h. What is the units digit of h?
4
Let j be ((-65)/(-1)*2)/1. Suppose 2 = 3*k + 4*n, -3*k + 22 = 2*n - 3*n. Suppose p + j = k*p. What is the units digit of p?
6
Let d = -73 + -57. Let h be (-6)/(-18) + d/(-6). Let j = h - 9. What is the tens digit of j?
1
Let s = -55 + 92. Let n = 14 + s. What is the tens digit of n?
5
Let u be -3 - 9*(8/(-3) + 2). Suppose 2*w = u*w - 105. What is the units digit of w?
5
Let a(t) = -12*t. Let z(n) = -12*n - 1. Let w(u) = 3*a(u) - 4*z(u). What is the tens digit of w(2)?
2
Let d(c) = -26 + 35 + 22*c - 35. What is the hundreds digit of d(10)?
1
Let l(p) = -12*p + 2. Suppose -w = q - 2, -2*w = q - 3*q + 12. Let k be l(w). What is the units digit of 3/(-6)*k*-1?
3
Suppose -25 = 5*r + 5*k, 3*r = 6*r + 5*k + 15. Let f(c) = -5*c - 19. What is the units digit of f(r)?
6
Let j be 17*((2 - 3) + 0). Let m = j - -16. What is the units digit of 1 - (-88)/((-4)/m)?
3
Let t(o) = 4*o**2 - 6*o - 9. What is the units digit of t(-3)?
5
Let b be 16/10*60/24. Suppose 0 = u - b*w - 113, 5*u - 4*u = 5*w + 112. What is the tens digit of u?
1
Suppose -5*j - a + 2416 = 2*a, -3*j - 4*a + 1454 = 0. What is the hundreds digit of j?
4
Suppose -5*r + 5 = 5*v, 0*v = -4*v + r + 9. Suppose -2*t + 408 = v*t. Let k = t + -55. What is the units digit of k?
7
Let w(p) = p**3 + 2*p**2 - 7*p - 1. Let k be w(-8). Let h = k + 570. What is the tens digit of h?
4
Let j = -354 - -2260. What is the hundreds digit of j?
9
Suppose 9*c + 15 = -120. What is the units digit of c/(12/(-64)*1)?
0
Let t(m) = -18*m - 4. Suppose -3*f = 5*s + 43, 2*s - 5*s = -4*f + 20. Let h = 4 + s. What is the tens digit of t(h)?
6
Suppose 9*g - 18 = 6*g. Let x(o) = -g - 9 + 11 + 0*o**2 + 2*o**2. What is the units digit of x(-6)?
8
Suppose 3864 + 2022 = 2*m - z, 5*m = -3*z + 14693. What is the units digit of m?
1
Let o = 42 - 64. Let v = 45 + o. What is the tens digit of v?
2
Suppose -95*v = -99*v + 5624. What is the units digit of v?
6
What is the units digit of 4/(-8) + (-1922)/(-4) + 3?
3
Let p(d) = -4953*d**3 + 2*d**2 + 30*d + 28. What is the units digit of p(-1)?
3
Let a be 6/33 + 324/33. Let k = a + -8. Suppose 2 = k*u + 2*z, 4*u - 3*z - 5 = 3*u. What is the units digit of u?
2
Let s(i) = 23*i**3 + 6*i**2 + 3*i**2 + 0*i**2 - 12*i - 12 - 22*i**3. What is the units digit of s(-10)?
8
Let l be ((-236)/8)/(-4 + 158/40). Suppose 0 = -4*r + 566 + l. What is the hundreds digit of r?
2
Let b = -15 - -20. Let a = -3 + 3. Suppose 3*w = 5*r - 130, b*w + a + 2 = -r. What is the tens digit of r?
2
Let r(u) = 9*u - 9. Let p(t) = -t + 2. Let q(d) = -3*p(d) - r(d). Let x = -8 + 5. What is the units digit of q(x)?
1
Let x be 130/15 + 3/9. Let k(a) = -a**3 + 11*a**2 - 13*a - 12. Let z(m) = -m - 1. Let j(t) = k(t) - z(t). What is the units digit of j(x)?
3
Let t be (0 - (-60)/25)/((-6)/(-340)). Let j = t - 92. What is the units digit of j?
4
Let i be 176/(-18) + (-8)/36. What is the tens digit of ((-32)/i)/((-2)/(-60))?
9
What is the hundreds digit of (-372)/18*-3*8?
4
Suppose -5*w + 8*w = 1989. What is the hundreds digit of w?
6
Suppose 3 = -p + 27. Suppose 102 + p = 3*n. What is the tens digit of n?
4
Suppose -g = -4, 5*t + g = 2*t - 8. What is the tens digit of 368/4 + t + 0?
8
What is the tens digit of (-21)/(-28)*4 + 29?
3
Suppose -19*q + 16*q - v + 406 = 0, -4*v - 568 = -4*q. What is the units digit of q?
7
Let z = -21 + 24. Suppose 33 = i + 2*h, -z*i + 136 = -2*h + 5. Suppose -2*r + i = 3*m, r - 22 = -m + 2*r. What is the units digit of m?
7
Suppose 7*a - 18901 + 2864 = 0. What is the tens digit of a?
9
Suppose -20*r + 21*r - 21 = 0. Let c(i) = -i**3 + 23*i**2 - 30*i. What is the hundreds digit of c(r)?
2
Let s(x) = -5*x - 2. Let a be s(-1). Suppose 0 = 4*z - z - i - 333, 4*z - 457 = -a*i. What is the hundreds digit of z?
1
Let x = -926 + 2003. What is the units digit of x?
7
Let y(p) be the se